ommon factor of 28009 and 5798899.
37
What is the greatest common divisor of 36816 and 37233720?
1416
Calculate the highest common divisor of 1154630 and 285.
95
What is the greatest common divisor of 1825240 and 940?
20
What is the highest common factor of 5849922 and 193362?
2886
Calculate the highest common divisor of 56 and 407259608.
56
Calculate the highest common factor of 36008911 and 79.
79
Calculate the highest common factor of 19611 and 117333.
9
Calculate the highest common divisor of 23554174 and 7686.
854
Calculate the greatest common divisor of 18632169 and 324.
9
What is the highest common divisor of 87335240 and 640?
40
Calculate the greatest common divisor of 343 and 2690982.
49
Calculate the greatest common factor of 2346 and 2617446.
138
Calculate the greatest common divisor of 69156126 and 6.
6
What is the highest common divisor of 14 and 77711837?
7
Calculate the highest common divisor of 117128 and 4873.
11
Calculate the greatest common factor of 73393265 and 55.
55
What is the greatest common factor of 3786256 and 128?
16
Calculate the greatest common divisor of 602301 and 10672.
667
Calculate the greatest common factor of 18636 and 69756.
12
What is the highest common divisor of 197581 and 209?
19
What is the highest common factor of 646455156 and 12?
12
What is the highest common factor of 2878760 and 2291?
79
What is the greatest common divisor of 9682692 and 30?
6
Calculate the greatest common factor of 18729 and 10917.
9
What is the highest common factor of 4923475 and 435?
145
What is the greatest common factor of 9213 and 3333861?
249
Calculate the greatest common divisor of 3356688 and 204.
12
Calculate the highest common divisor of 9736 and 75407754.
2434
What is the greatest common divisor of 409959 and 66051?
369
What is the greatest common factor of 52 and 18724810?
26
What is the greatest common factor of 8428177 and 659887?
8353
What is the greatest common divisor of 11911 and 15134449?
277
Calculate the greatest common divisor of 4601025 and 1625.
325
Calculate the highest common factor of 43299854 and 408073.
11029
What is the highest common divisor of 11956 and 168658?
98
Calculate the greatest common divisor of 1505741960 and 40.
40
Calculate the greatest common factor of 156927 and 144789.
867
Calculate the highest common divisor of 1043614 and 678002.
2314
What is the greatest common divisor of 3110642 and 17222?
218
What is the highest common factor of 98 and 14618611?
49
What is the highest common factor of 819202 and 298?
298
Calculate the highest common divisor of 468742 and 562888.
142
Calculate the highest common divisor of 72 and 1737549.
9
What is the highest common factor of 28416138 and 6?
6
What is the highest common factor of 1427 and 34420667?
1427
Calculate the greatest common divisor of 11079096 and 366.
6
What is the highest common factor of 1261016 and 72?
8
Calculate the highest common divisor of 32 and 6382808.
8
What is the highest common factor of 140430 and 16394070?
4530
What is the highest common factor of 34225 and 776075?
925
What is the greatest common divisor of 43563 and 325392153?
3351
Calculate the highest common divisor of 22 and 11135696.
22
What is the highest common factor of 548992 and 5504?
128
Calculate the greatest common divisor of 24710690 and 2295.
85
What is the greatest common divisor of 27286 and 123088?
14
What is the greatest common factor of 1263770 and 3010?
430
What is the highest common divisor of 4543 and 49458343?
649
What is the greatest common factor of 231 and 14256088?
77
Calculate the greatest common factor of 748 and 747320.
68
Calculate the highest common divisor of 165786550 and 850.
850
What is the highest common divisor of 33 and 15343746?
33
Calculate the highest common divisor of 730737 and 5067.
9
What is the highest common divisor of 3479941 and 498?
83
Calculate the highest common factor of 174 and 5432106.
174
What is the highest common divisor of 4719 and 2121549144?
4719
Calculate the greatest common factor of 45 and 27404955.
45
What is the highest common divisor of 125074 and 713?
23
What is the greatest common factor of 23 and 109658779?
23
Calculate the greatest common divisor of 115632 and 305173872.
10512
Calculate the greatest common factor of 685230 and 318955.
455
Calculate the highest common divisor of 532 and 34730404.
76
What is the highest common divisor of 11972 and 376388?
292
Calculate the greatest common divisor of 34 and 176191417.
17
Calculate the highest common divisor of 609119 and 110151091.
12431
What is the greatest common factor of 7831707 and 1794?
897
What is the highest common divisor of 5417831 and 94?
47
Calculate the greatest common factor of 1034 and 19716500.
94
What is the highest common divisor of 11495 and 251498060?
1045
What is the highest common factor of 25347805 and 28576?
893
Calculate the highest common divisor of 1128 and 47191713.
141
What is the highest common divisor of 3574767 and 2247?
21
Calculate the highest common factor of 2189393 and 1495.
23
Calculate the highest common factor of 1618411494 and 294.
294
Calculate the greatest common factor of 42210 and 62297739.
4221
Calculate the highest common divisor of 22317675 and 4350.
2175
Calculate the greatest common divisor of 954 and 16073766.
18
What is the greatest common divisor of 59624636 and 3176?
1588
What is the greatest common divisor of 18242528 and 928?
32
Calculate the greatest common factor of 790 and 72646030.
790
Calculate the highest common divisor of 189794985 and 60.
15
What is the greatest common divisor of 3575997 and 27?
9
What is the greatest common factor of 36291745 and 140?
35
Calculate the greatest common factor of 676808 and 75460.
44
What is the highest common factor of 976 and 110083528?
488
Calculate the greatest common divisor of 177 and 355582616.
59
What is the highest common divisor of 73633 and 2005913?
469
What is the greatest common factor of 1896 and 101199?
237
Calculate the greatest common factor of 1401 and 16146058.
467
What is the highest common divisor of 423 and 544408191?
423
What is the highest common divisor of 1887880 and 231080?
4360
What is the highest common factor of 88 and 105986100?
44
Calculate the greatest common divisor of 1465 and 154669133.
293
Calculate the greatest common divisor of 123 and 1093686603.
123
What is the greatest common divisor of 20321492 and 372?
124
What is the greatest common factor of 136 and 1174862996?
68
What is the greatest common factor of 2336 and 156087870?
146
What is the greatest common factor of 68464 and 1478978?
778
Calculate the greatest common divisor of 324 and 1293924.
12
Calculate the greatest common divisor of 6789784 and 4600.
184
What is the highest common divisor of 27 and 575961?
3
What is the highest common divisor of 85 and 2005337?
17
Calculate the greatest common factor of 38087650 and 340.
170
What is the highest common factor of 78738 and 330?
66
What is the greatest common factor of 2481232 and 53152?
2416
What is the greatest common divisor of 235372 and 4727?
163
What is the highest common factor of 22 and 228283?
11
What is the highest common divisor of 1577 and 8730272?
1577
Calculate the highest common divisor of 952 and 207342268.
476
What is the greatest common factor of 122638140 and 402?
402
What is the highest common divisor of 3971544 and 910797?
3909
What is the highest common factor of 60254 and 18659?
47
What is the highest common factor of 889776 and 504674?
334
Calculate the greatest common factor of 5842712 and 24.
8
What is the highest common factor of 515 and 10914189?
103
What is the greatest common divisor of 113 and 50040355?
113
Calculate the highest common factor of 1738288 and 64.
16
What is the greatest common divisor of 165 and 294605278?
11
What is the greatest common factor of 4088 and 3774976?
584
What is the highest common factor of 19494 and 30388619?
361
What is the highest common factor of 417140 and 140?
20
What is the greatest common factor of 2360600 and 17545?
1595
What is the highest common divisor of 289702331 and 59?
59
Calculate the greatest common factor of 802275 and 36093930.
8445
Calculate the greatest common divisor of 4626 and 190737.
9
What is the greatest common divisor 